7, 31123
What are the prime factors of 330872008?
2, 293, 141157
What are the prime factors of 139668850?
2, 5, 2793377
What are the prime factors of 1299699729?
3, 6343, 7589
What are the prime factors of 31613094?
2, 3, 127, 13829
List the prime factors of 118783526.
2, 3877, 15319
What are the prime factors of 345807810?
2, 3, 5, 1013, 3793
What are the prime factors of 80911252?
2, 47, 9157
List the prime factors of 14836640.
2, 5, 7, 13, 1019
What are the prime factors of 846299242?
2, 7829, 54049
List the prime factors of 490406302.
2, 19, 12905429
List the prime factors of 479254654.
2, 239627327
What are the prime factors of 6010718769?
3, 11, 60714331
What are the prime factors of 292746149?
223, 647, 2029
List the prime factors of 87846571.
87846571
What are the prime factors of 752045670?
2, 3, 5, 8356063
What are the prime factors of 227866683?
3, 11, 37, 431, 433
What are the prime factors of 4487177168?
2, 401, 699373
List the prime factors of 1916885475.
3, 5, 8519491
List the prime factors of 51618053.
1291, 39983
What are the prime factors of 52555859?
29, 1812271
List the prime factors of 158041700.
2, 5, 1580417
List the prime factors of 411025368.
2, 3, 13, 409, 3221
What are the prime factors of 736524150?
2, 3, 5, 17, 288833
List the prime factors of 412265463.
3, 137421821
List the prime factors of 947212610.
2, 5, 7349, 12889
List the prime factors of 265965004.
2, 227, 499, 587
What are the prime factors of 152373294?
2, 3, 8465183
List the prime factors of 140691240.
2, 3, 5, 390809
List the prime factors of 381094401.
3, 179, 709673
List the prime factors of 100655816.
2, 12581977
What are the prime factors of 943414766?
2, 7, 67386769
What are the prime factors of 235103159?
235103159
List the prime factors of 202913440.
2, 5, 137, 9257
What are the prime factors of 1368469590?
2, 3, 5, 45615653
List the prime factors of 2468678296.
2, 7, 61, 83, 8707
What are the prime factors of 1502213878?
2, 11, 68282449
List the prime factors of 421891552.
2, 47, 280513
What are the prime factors of 1457147519?
1457147519
What are the prime factors of 1609988?
2, 41, 9817
List the prime factors of 1838175513.
3, 167, 3669013
List the prime factors of 94568584.
2, 11, 1074643
List the prime factors of 34706358.
2, 3, 1327, 1453
What are the prime factors of 75760637?
3907, 19391
List the prime factors of 431059941.
3, 13, 1228091
What are the prime factors of 178769372?
2, 4993, 8951
List the prime factors of 243324235.
5, 7, 11, 67, 9433
What are the prime factors of 514143537?
3, 171381179
What are the prime factors of 1226297743?
11, 111481613
What are the prime factors of 1905197583?
3, 19, 131, 255149
What are the prime factors of 149291604?
2, 3, 7, 11, 53857
List the prime factors of 910539599.
910539599
What are the prime factors of 479764604?
2, 11, 877, 12433
What are the prime factors of 1061691146?
2, 41, 89, 145477
What are the prime factors of 491027041?
491027041
What are the prime factors of 200611983?
3, 11, 13, 467627
What are the prime factors of 159409653?
3, 13, 37, 61, 1811
List the prime factors of 1949760157.
39761, 49037
List the prime factors of 3422541826.
2, 11, 743, 209381
What are the prime factors of 138310384?
2, 41, 210839
What are the prime factors of 282934472?
2, 19, 313
List the prime factors of 181409985.
3, 5, 31, 130043
What are the prime factors of 288413425?
5, 11536537
What are the prime factors of 133084996?
2, 11, 131, 2099
List the prime factors of 6551691.
3, 397, 5501
What are the prime factors of 1598314437?
3, 617, 31981
What are the prime factors of 109364632?
2, 13, 23, 3517
List the prime factors of 1577865509.
11, 181, 467, 1697
List the prime factors of 25664656.
2, 523, 3067
List the prime factors of 7244524458.
2, 3, 402473581
List the prime factors of 113555669.
23, 97, 2213
List the prime factors of 2459614417.
13, 17, 163, 68279
What are the prime factors of 4456170767?
191, 23330737
What are the prime factors of 3199540650?
2, 3, 5, 21330271
List the prime factors of 4105686182.
2, 13, 43, 3672349
List the prime factors of 643016281.
43, 14953867
What are the prime factors of 722655645?
3, 5, 1901, 25343
What are the prime factors of 1046195130?
2, 3, 5, 17, 31, 66173
List the prime factors of 1844961345.
3, 5, 1787, 22943
List the prime factors of 49016733.
3, 61, 4391
List the prime factors of 507131725.
5, 293, 69233
List the prime factors of 705792275.
5, 28231691
What are the prime factors of 2127038174?
2, 1063519087
What are the prime factors of 1717421053?
79, 599, 36293
What are the prime factors of 183275124?
2, 3, 15272927
What are the prime factors of 85916204?
2, 11, 1952641
What are the prime factors of 38165036?
2, 7, 13, 104849
List the prime factors of 296734115.
5, 19, 181, 17257
List the prime factors of 457745600.
2, 5, 13, 59, 373
List the prime factors of 93534330.
2, 3, 5, 23, 283, 479
List the prime factors of 719346970.
2, 5, 37, 1944181
List the prime factors of 1479998326.
2, 607, 1219109
List the prime factors of 4567274785.
5, 439, 2080763
What are the prime factors of 1741926447?
3, 173, 269, 4159
List the prime factors of 285845128.
2, 37, 229, 4217
What are the prime factors of 4263464140?
2, 5, 13, 271, 60509
List the prime factors of 198495521.
7, 887, 4567
List the prime factors of 94813787.
73, 1298819
List the prime factors of 31476148.
2, 11, 109, 6563
What are the prime factors of 3756904166?
2, 1621, 1158823
What are the prime factors of 69228549?
3, 13, 31, 19087
What are the prime factors of 58494680?
2, 5, 1462367
What are the prime factors of 80914830?
2, 3, 5, 163, 16547
List the prime factors of 860247847.
860247847
List the prime factors of 1085407454.
2, 223, 2433649
List the prime factors of 54930576.
2, 3, 139, 8233
List the prime factors of 344963366.
2, 11, 15680153
List the prime factors of 21336215.
5, 31, 137653
What are the prime factors of 36498462?
2, 3, 7, 11, 13, 59, 103
List the prime factors of 275967668.
2, 149, 463033
What are the prime factors of 170083122?
2, 3, 11, 251, 10267
What are the prime factors of 4845689402?
2, 29, 199, 419831
What are the prime factors of 36915333?
3, 7, 13, 135221
What are the prime factors of 90349618?
2, 73, 618833
What are the prime factors of 13599505?
5, 757, 3593
List the prime factors of 571189360.
2, 5, 7, 23, 61, 727
What are the prime factors of 325434988?
2, 257, 316571
List the prime factors of 864677250.
2, 3, 5, 384301
What are the prime factors of 1364580253?
883, 1545391
List the prime factors of 208819018.
2, 104409509
What are the prime factors of 5502902116?
2, 1375725529
What are the prime factors of 481136330?
2, 5, 3389, 14197
List the prime factors of 1495111270.
2, 5, 149511127
What are the prime factors of 55662419?
19, 2929601
List the prime factors of 107950281.
3, 5237, 6871
What are the prime factors of 463276832?
2, 281, 51521
List the prime factors of 4087461517.
2243, 1822319
What are the prime factors of 572692349?
67, 199, 42953
List the prime factors of 3294647870.
2, 5, 329464787
List the prime factors of 27935299.
7, 991, 4027
What are the prime factors of 945485948?
2, 11, 21488317
What are the prime factors of 26763942?
2, 3, 4460657
List the prime factors of 400640433.
3, 71, 1880941
List the prime factors of 2528706973.
13, 17, 11442113
List the prime factors of 418450242.
2, 3, 7, 37, 67, 4019
What are the prime factors of 1649393264?
2, 41, 83, 30293
What are the prime factors of 1287875575?
5, 7, 19, 55333
What are the prime factors of 4592702864?
2, 17, 16884937
List the prime factors of 40864847.
1123, 36389
List the prime factors of 371388435.
3, 5, 11, 61, 36899
What are the prime factors of 246807076?
2, 71, 869039
List the prime factors of 124130222.
2, 73, 850207
List the prime factors of 94423070.
2, 5, 7, 1348901
List the prime factors of 180805487.
180805487
What are the prime factors of 34255558?
2, 31, 151, 3659
What are the prime factors of 1950629191?
7, 193, 206263
List the prime factors of 2139143059.
43, 61, 815533
What are the prime factors of 65405405?
5, 13, 1006237
List the prime factors of 55811924.
2, 7, 109, 18287
What are the prime factors of 625614685?
5, 37, 3381701
List the prime factors of 165703140